 + 1/6*o**4 - 1/6*o**3 + 0*o + 0. Calculate i(-5).
4
Let f(r) = -r**3 - 5*r**2 + 7*r + 7. Let c be f(-6). Let h(s) be the third derivative of -7*s**5/60 + s**4/24 - 5*s**2. What is h(c)?
-6
Let s(h) = 8 - 2 - 1 - 2*h - h**2 - 1. Let a = 5 - 8. What is s(a)?
1
Let c(k) = k**3 - 6*k**2 - 10*k + 1. Suppose -5*u = -3*x + 16, -5*x + 4*u + 26 + 5 = 0. What is c(x)?
-20
Let x be (-1 - 5)*(-2)/3. Let t = x - 3. Let s(q) be the second derivative of -4*q**3/3 + q**2/2 + q. Calculate s(t).
-7
Let r(y) = 0*y - 3*y - 7*y**2 - 4 + 0*y**2 - y**3 + 2*y**2. Suppose -2*w - 8 = -2*v, -v = -w + 2*v - 6. Let b = w + -2. Determine r(b).
11
Let m = -68 - -62. Let t(r) = r**3 + 5*r**2 - 6*r - 4. Give t(m).
-4
Let k(w) = 73*w - 37*w - 37*w - 4. Calculate k(-5).
1
Let a(b) = 4*b**2 + 11*b + 1. Let n(c) = -c**2 - c - 1. Let z(t) = -a(t) - 5*n(t). Let p = 26 - 13. Let l = p + -9. Calculate z(l).
-4
Let b = 32 - 7. Suppose -b = -w + 6*w. Let k = w - -1. Let o(z) = z + 4. Give o(k).
0
Let z(w) = -4*w - 7. Let c = 100 - 103. What is z(c)?
5
Suppose 5*r + n - 12 = 0, -r = 5*n - 9 + 21. Let z(b) = -b**3 + 3*b**2 + 3*b - 3. Calculate z(r).
6
Let t(j) = j**3 - j**2 + j + 4. Let i(r) = r**2 + 7*r + 4. Let d be i(-7). Let s = d + -4. Determine t(s).
4
Let c(q) = 20 - 14 + q**2 + 0*q - 12 - 4*q. Let w(p) = -4*p**3 + 2*p**2 - 1. Let g be w(-1). Calculate c(g).
-1
Let g be (18/(-12))/((-3)/(-4)). Let x(k) = -8*k**2 + k - 2. Let n(m) = 7*m**2 - m + 2. Let j(c) = -7*n(c) - 6*x(c). Calculate j(g).
-8
Let o be (-6)/7*(-10 - -3). Let q(b) = 0*b - b + 2*b + o. Suppose 0 = 3*y + y. Give q(y).
6
Suppose 3*v + 2*i - 26 = 0, 4*i = 3*v - 27 + 7. Let q be 24/36 - v/3. Let f(j) = -j**3 + 2*j**2 + 3*j. What is f(q)?
10
Let y(x) = -5*x**2 - x + 1. Let b(o) = o**3 + 6*o**2 + 4*o. Let l be b(-5). Suppose -4*g + 2 = 2*c + g, 3 = 3*c - l*g. Give y(c).
-5
Let m(x) = -115 + 117 - 7*x + 9*x**3 - 10*x**3 + 7*x**2. Give m(6).
-4
Suppose -4*z = v - 8, -2*v + 3 = z - 6. Suppose -v*u - 5*s = -s - 8, 0 = -2*u + s + 7. Let c(x) = x**3 - 2*x**2 - 5*x + 4. Determine c(u).
-2
Let o(s) = -2*s**2 - 16*s - s**3 + 17*s - 2 - 1. Calculate o(-3).
3
Let m(q) be the third derivative of -q**4/12 - q**3/2 + 13*q**2. Suppose 5*s = -4*y + 16, -s = 2*s. Suppose -y = t + k, -5*t - 14 = -0*k + 2*k. Calculate m(t).
1
Let j(n) = n - 1. Let t(x) = -1 + 3 - 1 - 4*x. Let v(b) = -2*j(b) - t(b). Give v(-5).
-9
Suppose -1 = 3*a - 2*w - 3, 2*a + 4*w - 28 = 0. Let z(r) = r - 2. Calculate z(a).
2
Let l = 16 + -15. Let v(d) = 10*d**2 + 1. Determine v(l).
11
Let u be 1 - (-3)/(-12)*0. Let j(x) = -x - 1. Let z be j(u). Let d(f) = -f**3 - 2*f**2 + 2*f + 3. What is d(z)?
-1
Let i(j) = -6*j**2 + 8*j + 5. Let x(u) = -3*u**2 + 4*u + 2. Let m(q) = -4*i(q) + 9*x(q). Give m(2).
-6
Let d = 1 - 0. Let m = 6 - d. Let x(t) = t + 2. Calculate x(m).
7
Let c(x) = 16*x**3 - 3*x**2 + x - 1. Let a(p) = 49*p**3 - 10*p**2 + 4*p - 4. Let j(z) = 2*a(z) - 7*c(z). What is j(1)?
-13
Let i be -1 - (2 + -6 + 0). Suppose -i*o + 4*o + 2 = 0. Let y(m) = -m**3 - m**2 + 2*m. Determine y(o).
0
Let v(g) = -g**2 + 4*g + 4. Let p(h) be the first derivative of h**4/4 - 5*h**3/3 - 5*h**2/2 - 2*h + 3. Let c be p(6). Determine v(c).
4
Let i(b) = -b + 2. Suppose -2 + 0 = 2*q, 5*h - 7 = -3*q. Suppose 0 = -h*c + 6 - 2. Suppose c*m + 3 = 3*m. Give i(m).
-1
Let t(u) = u**2 + 3*u - 7. Let h = 0 - -4. Suppose h*x = 3*y - 0*y + 15, -4*y = -3*x + 20. What is t(y)?
3
Let c(q) = 1. Let j(y) = 3*y - 6. Let i(a) = 4*c(a) + j(a). What is i(-2)?
-8
Let w(q) = 5*q + 3. Suppose i = 5*o + 1, 3*i + 5*o - 4 = -21. Give w(i).
-17
Suppose -2*m + 1 = -3*a + 2, -3*a + 13 = m. Suppose 0 = s - 5*i + 6, 3*s - a*i - 2*i = -18. Let r = 9 + s. Let j(l) = -l**3 + 4*l**2 - 4*l + 4. Calculate j(r).
1
Let k(c) = 2*c**2 + c + 4 - c**2 - 8 - 4*c. Let j be k(3). Let a(q) = -5*q + 9. Let v(f) = 4*f - 9. Let m(w) = 5*a(w) + 6*v(w). Determine m(j).
-5
Let q be (2 - 1)/(2/4). Let k(m) = -2 - q*m - 1 + 5. Let a be 32/28*(-14)/(-4). Calculate k(a).
-6
Let q(v) = -v**2 - 23*v**3 + 4*v**3 + 20*v**3 + 18. Determine q(0).
18
Let u(m) = m**2 - 4*m + 6. Let l = -8 - -13. Suppose 6 = l*q - 4. Let x = q - -2. Calculate u(x).
6
Let a(m) be the third derivative of -m**6/360 - 5*m**4/24 + m**2. Let i(g) be the second derivative of a(g). What is i(-5)?
10
Suppose 2*j = 1 + 9. Suppose 1 = -2*k - j. Let z(r) = r**2 + 3*r. Determine z(k).
0
Let h(m) = m**2 + m - 2. Let x be h(-2). Let c be 39/15 + 2/5. Suppose -c*l = -x*l. Let i(q) = q**2 + q + 2. Give i(l).
2
Let u(j) = j**2 - 2*j - 5. Let f be u(4). Let b be f/3 - (6 - 0). Let w(y) = -y - 12. Determine w(b).
-7
Suppose 8 = 3*s - s. Suppose -s*g + 9 + 3 = 0. Suppose -v - 3*w - 15 = v, g*w - 6 = 5*v. Let f(h) = h**3 + 2*h**2 + 2. Calculate f(v).
-7
Let o(h) be the second derivative of -h**5/10 - h**4/12 + h**2 - 6*h + 1. Calculate o(2).
-18
Suppose 0*g + 2*g - 3*p = -8, 4*g = 3*p - 16. Let y(c) = -c + 0*c - 6 + 0 + 1. Give y(g).
-1
Let a = 89 - 82. Let s(d) = d**3 - 7*d**2 + 2*d - 2. Give s(a).
12
Let p(m) = 3*m - 2. Let t = 149 - 147. What is p(t)?
4
Let k(n) be the second derivative of -n**3/3 - 2*n**2 + n. Suppose 0 = -5*i - 3*t - 28, -4*t = -5*t - 1. Give k(i).
6
Let h(f) = 1 + f + 3 - 6. Suppose -w + 4*m = 3, 5*w - 2*m - 53 = m. Suppose -2*r + 3*x = -2*x - 15, -2*r + 3*x = -w. Give h(r).
3
Let u(f) = 5*f**2. Let g = 19 + -16. Let d be ((-3)/2)/(g/(-2)). Calculate u(d).
5
Suppose -3*i = -7*i + 20, 0 = -3*j + 4*i - 26. Let p(y) be the second derivative of y**5/20 - y**4/12 + y**3/6 + y**2 + 3*y. Calculate p(j).
-12
Suppose -7*x - 12 = -10*x. Let a(c) = c - 6. Give a(x).
-2
Let g(z) = z**3 - z**2 + z - 2. Let l(h) be the third derivative of -h**5/60 + h**4/6 + h**3/3 + h**2. Let q be l(4). Let n be (-3)/3 + q + -1. Calculate g(n).
-2
Let g be (-90)/20*(-40)/18. Let i(h) = h - 4. Determine i(g).
6
Let j(v) = v**3 + v - 1. Let m(q) = 3*q**2 + q - 7. Let y(w) = -3*w**2 - 2*w + 7. Let c(r) = 5*m(r) + 6*y(r). Let z(x) = c(x) + j(x). Give z(4).
-2
Let p(t) = -4*t**2 + 1. Let d be (5 + -4)*0/1. Let z(b) = -b**2 - 5*b + 6. Let x be z(-6). Suppose d = 3*n + 3 - x. What is p(n)?
-3
Let c(o) = 4*o - 1. Let j(g) = -4*g. Let h(f) = -4*c(f) - 3*j(f). Let b = -8 - -11. What is h(b)?
-8
Let s be 1/(-2)*(-2 + 2). Let m(c) = -2*c - 5. Let h be m(-5). Let u(o) = 6*o**2 - 5*o - 3. Let w(b) = b**2 - b - 1. Let n(q) = h*w(q) - u(q). Calculate n(s).
-2
Let o(s) = -6*s - 12. Let c(x) = x + 2. Let i(n) = -4*c(n) - o(n). Let r = 1 - -3. Give i(r).
12
Let x(s) = s**2 + 7*s + 2. Suppose -u + 7*u = -42. What is x(u)?
2
Let m(d) = -5*d - 1. Suppose 5*s - 4*l + 0 + 68 = 0, 0 = -4*s + 3*l - 54. Let h be (-6)/s*(1 + 11). Let q be (4/h)/((-8)/12). Give m(q).
4
Let h(u) = u**3 - 5*u**2 + u - 1. Let m be h(5). Let q(c) be the second derivative of 1/12*c**4 - 1/3*c**3 - 5/2*c**2 + 0 + 10*c. What is q(m)?
3
Suppose -6 = -65*r + 59*r. Let l(h) = -12*h**2 - 2*h + 1. Calculate l(r).
-13
Suppose 4*v = -2*t + 18, v = 3*v + 2*t - 4. Let f(w) = -w**3 + 8*w**2 - 7*w + 6. Determine f(v).
6
Suppose -2*x + 2*d + 7 + 11 = 0, 0 = -4*d - 20. Let c(p) = x*p - 4*p - p - p. What is c(-3)?
6
Let j(z) be the first derivative of z**4/4 - 7*z**3/3 + 9*z**2/2 - 9*z - 5. Suppose -9*l + 24 = -30. Determine j(l).
9
Let y(a) be the third derivative of 2*a**2 + 0*a - 1/24*a**4 + 0 + 2/3*a**3. What is y(0)?
4
Let i(p) be the first derivative of p**2/2 - 5*p - 35. Calculate i(-7).
-12
Let z(p) = -4*p**3 - 2*p + 1. Suppose 5*c + 2*r - 9 = 0, -3*c + 0*c - r + 5 = 0. Let g be (c - 3) + 4/2. Let m = g + 1. Determine z(m).
-5
Let y(c) = 28*c - 2*c**2 - 22*c - c**2 - c**3. Calculate y(-5).
20
Let x(j) = -j**3 - j**2 + 2*j + 1. Let n be x(-2). Suppose 4*z + n = 9. Let b(g) be the first derivative of -g**3/3 - g**2 + g - 1. Determine b(z).
-7
Let y(q) = -11*q**3 + 9*q**2 + q + 1. Let d(j) = 17*j**3 - 14*j**2 - j - 2. Let w(o) = -5*d(o) - 8*y(o). Calculate w(2).
12
Let u = -5 - -8. Let r(g) = -3*g + 4. Let a be r(u). Let s(t) = -t**3 - 6*t**2 - 5*t - 3. Let q be s(a). Let k(c) = -2*c - 1. What is k(q)?
5
Let x(n) = -n - 2. Let j = 10 - 6. Suppose 0 = -j*t - 4*y + 12, 7*t - 15 = 4*t - y. What is x(t)?
-8
Let x(v) = -41*v + 0 + 45*v - 7. Calculate x(5).
13
Suppose q = 3*r - 12, -1 - 11 = -4*r. Let s(w) = -2*w**2 - 3*w + 3. Determine s(q).
-6
Let d(f) = -8*f 